*v = -x + 29418 + 1301. What are the prime factors of v?
2, 5
Let s = 734 + -714. What are the prime factors of (1236/s)/(3/30)?
2, 3, 103
List the prime factors of ((-2)/(16/1278*-3))/(7/1988).
3, 71
Let m(p) = 3*p**3 + 57*p**2 + 28*p - 102. Let q(u) = u**3 + 19*u**2 + 9*u - 34. Let c(j) = 6*m(j) - 17*q(j). What are the prime factors of c(-18)?
2, 5
Let h(f) = -f**3 + 10*f**2 - 24*f - 5. Let w be h(5). Suppose -4*c + 676 + 624 = w. What are the prime factors of c?
5, 13
Let h(r) = 4 + 27*r - r**2 - 4 - 6. Suppose -24 = -4*c + 2*k + 74, 0 = -2*k - 10. List the prime factors of h(c).
2, 13
What are the prime factors of (-1)/((-39)/2) - (-238209004)/35607?
2, 3, 5, 223
Suppose -16551 + 338499 = 54*p. Suppose 38*v = p + 13836. List the prime factors of v.
521
Let f(y) = -246*y - 765. What are the prime factors of f(-35)?
3, 5, 523
Let w(t) = t**2 + 7*t + 2. Let a be w(-7). Suppose 0*s + 3*n = -2*s + 708, 3*s - 1067 = -a*n. List the prime factors of s.
3, 7, 17
Let l = 5862 - 3233. List the prime factors of l.
11, 239
Suppose -11*w + 7*w + 72 = 0. Let a = 33 - w. List the prime factors of (-189)/(-6)*(1 + (-5)/a).
3, 7
Let l(z) be the second derivative of -4*z + 2*z**2 + 10/3*z**3 + 0. List the prime factors of l(7).
2, 3
Let h = -103 + 794. Let p = h + -480. Let r = 358 - p. List the prime factors of r.
3, 7
Let f(l) = -48*l**3 - 3*l**2 + 13*l + 49*l**3 - 8 - 5*l**2. What are the prime factors of f(8)?
2, 3
Suppose 2*t + 7 = 6*t - 3*l, 5*t = -4*l + 1. Let n be 2/t - (-8 - -10). Suppose -3*m + 59 + 352 = n. List the prime factors of m.
137
Let y = 84576 - 45178. List the prime factors of y.
2, 19699
Let m(o) = o**2 - 9*o + 27. Let k be m(17). Let g = k + -113. Suppose -b - 2 = 0, 4*w - 218 + g = -2*b. List the prime factors of w.
43
What are the prime factors of 18/108*-2098*(-4 + 1)?
1049
Let g = -14 + 26. Suppose 20 = 7*z - g*z. Let j(t) = -20*t - 3. What are the prime factors of j(z)?
7, 11
Let a(k) = 14*k**2 + 49*k - 464. What are the prime factors of a(-21)?
31, 151
Suppose -6*r + 18 = -0*r. Suppose 14*q = -r*q + 1598. What are the prime factors of q?
2, 47
Suppose 0 = 5*k + 4*j - 13365, -28*k = -25*k - 3*j - 8019. What are the prime factors of k?
3, 11
Suppose 150*i - 156*i - 66 = 0. Let q(a) = -a**3 - 6*a**2 + 40*a + 4. List the prime factors of q(i).
13
Suppose -756 + 900 = 8*t. Let d(y) = 40*y - 24. What are the prime factors of d(t)?
2, 3, 29
Suppose 4*q = 1027 + 3909. Suppose -9*k + 2*t - q = -12*k, -4*k = -5*t - 1653. What are the prime factors of k?
2, 103
Let h = -52 + 55. Let b(t) = t**h + t**2 - t + 2*t**3 - 114 + 118. What are the prime factors of b(4)?
2, 13
Let s be 102/18 + 1/3. Suppose -2*q - 23 = 3*c, q - 55 = 5*c + 5. List the prime factors of 969/s - c/(-22).
7, 23
Suppose 4*k - k - 5*p - 1 = 0, -5 = -4*k + 3*p. Suppose -k = -2*s, 3*s - 181 = -2*r - 2*s. Suppose -12*t + r = -1460. List the prime factors of t.
3, 43
Let a(i) = 5*i + 25. Let p be a(-5). Suppose 5*b - v - 13 = 0, 4*v + p = -12. What are the prime factors of 9994/(-38)*(0 + (-2)/b)?
263
What are the prime factors of (-6243002)/233*((-6)/3)/1?
2, 13397
Let k = -355 + 542. Let q = 256 - k. List the prime factors of q.
3, 23
Suppose 48*m - 1378280 = 16*m - 8*m. What are the prime factors of m?
34457
Let p = 49 + -47. Suppose 2 = 2*m + p*k, 0 = 5*m - k - 8 - 3. Suppose -1 = -2*b + 1, b = m*w - 231. What are the prime factors of w?
2, 29
Let n(y) = -6*y + 21. Let g(u) = -3*u**3 - 6*u**2 - 4*u - 2. Let m be g(-2). Let i be n(m). List the prime factors of 11/((i/(-18))/5).
2, 3, 11
Suppose -3*a = 2*n - 8411, -4*n + a = -6060 - 10783. List the prime factors of n.
2, 5, 421
Suppose -42*u = -39*u - 3519. Let t = u + -683. What are the prime factors of t?
2, 5, 7
Suppose -23*u = -29*u + 24. Suppose 2*y - u*y = -114. What are the prime factors of y?
3, 19
Let t be (0*(-2)/(-4))/(-1 + -1). Suppose z - 319 = -j, -5*j = -t*z + 2*z - 638. List the prime factors of z.
11, 29
Let r(i) = -i**3 - 63*i**2 + 132*i + 174. What are the prime factors of r(-67)?
2, 4643
Suppose 25*t = 20*t + 10. Let o = 6 + 6. Suppose -t = -2*g + o. What are the prime factors of g?
7
Let z be (-794)/(-8) - 3/12. Let h = 4355 - 3851. Suppose 3*r - h = -z. What are the prime factors of r?
3, 5
Suppose 0 = -51*s + 42*s - 4005. What are the prime factors of 104/(-20)*s/2?
13, 89
Suppose 3*m - 1 = 8*f - 3*f, -3*f + 3 = 0. Suppose -9118 = -5*c - m*x, -3*c + 14*x + 5474 = 16*x. List the prime factors of c.
2, 911
Suppose -3*j - 5*m + 7 + 27 = 0, 4*j - 3*m + 3 = 0. Suppose -141 - 3 = -j*v. What are the prime factors of v?
2, 3
Let m(v) = v**2 - 5*v - 1. Let d be m(-7). Let f = -79 + d. List the prime factors of -1*f/(-16)*(95 - 3).
23
Suppose -q = -1, 5*q + 2083 = -4*z + 5*z. Let v = z - 691. List the prime factors of v.
11, 127
Let q(u) = 9 - 39*u + 8*u - 2 + 6. What are the prime factors of q(-18)?
571
Let m = -633 - -5214. What are the prime factors of m?
3, 509
Suppose -5*r - 24 = -2*r. Let p(y) be the third derivative of y**6/120 + y**5/6 - y**4/4 - 7*y**3/2 - 18*y**2. List the prime factors of p(r).
5, 31
Let d(m) = -2*m + 4. Let h be d(-2). Let z be (5/((-50)/h))/(2/(-5)). Let q(u) = 5*u**2 - u - 1. What are the prime factors of q(z)?
17
Suppose -3*z - 2*z - 2*j + 4 = 0, 4*z = 5*j - 10. Let h(t) = t**2 - t + 56. Let q be h(z). Let o = 109 - q. What are the prime factors of o?
53
Suppose -3*k + 441 = 3*n, 4*k + 406 = 2*n + n. Let r = n - 37. What are the prime factors of r?
3, 5, 7
Let a(p) = 17*p**2 + 4*p + 25. Let r be a(-8). Suppose 3*h - r = -5*g, -3*g - 685 - 1128 = -5*h. Suppose 30*n = 32*n - h. What are the prime factors of n?
181
Let h be ((-27)/(-6) + (-7 - -3))*-492. Let i = 87 - h. List the prime factors of i.
3, 37
Suppose 3*y + 16149 = f, 1147*y = 5*f + 1148*y - 80745. What are the prime factors of f?
3, 7, 769
Let w(g) = 4*g**2 - 4*g - 1. Let j(r) = -11*r**2 + 10*r + 4. Let a(o) = 6*j(o) + 17*w(o). Let u be 1 - 1/((-1)/6). What are the prime factors of a(u)?
7
Suppose 10122 - 3492 = 2*c. Suppose -4*z = z - c. List the prime factors of z.
3, 13, 17
Let s(f) = -3*f**3 + 18*f**2 - 6*f + 1. Let j(d) = -3*d**3 + 18*d**2 - 7*d + 2. Let t(b) = -5*j(b) + 4*s(b). What are the prime factors of t(7)?
2, 109
Suppose 0*u + 1470 = -5*u - 3*t, 2*t + 1176 = -4*u. Let d = 161 - u. Suppose -4*w - 3*w = -d. What are the prime factors of w?
5, 13
Let k be (-2 + 27)/(3/3)*-27. What are the prime factors of ((-10)/3)/((72/k)/4)?
5
Suppose -26585613 + 6590925 = -30*a - 318*a. What are the prime factors of a?
2, 3, 7, 19
Let m be 3/(-21) + 63197/7. Suppose 4*x = 3*c - 7218, -c + m = -6*x + x. What are the prime factors of (6/4 - 1)/((-7)/x)?
3, 43
Let a = 178 + -31. Let q be -63*11/(-99) + (227 - -1). Let k = q - a. What are the prime factors of k?
2, 11
Suppose -2*p + 47842 = 3*g, 3*g - 60790 = -4*p - 12938. What are the prime factors of g?
2, 1993
Let l(h) = -3*h + 1 + h - 13. Let y be l(-9). What are the prime factors of (-814)/(-16) - 1*y/(-48)?
3, 17
Let b(h) = -h + 112. Let q be b(0). Let c be 4/(-14) - (-5744)/q. Suppose 10*m = 141 - c. What are the prime factors of m?
3
Let c(t) = 110*t + 9 - 232*t + 109*t. Let o(a) = -a**2 + a - 4. Let d be o(0). What are the prime factors of c(d)?
61
Suppose 3*h + 5 + 241 = 0. Let i = -61 - h. Suppose 0 = 2*o - 3*y - i - 62, -5*o + 5*y = -195. What are the prime factors of o?
2, 17
Let y be (-17)/85 - 4/5. Let s(j) = j**3 - 4*j**2 - 4*j - 4. Let t be s(5). List the prime factors of -4*(((-3)/t - y) + 1).
2
What are the prime factors of 12265*16/20*2/8?
11, 223
Suppose -18*x - 12 = -15*x. Let y(f) = 2*f**2 + 10*f + 2. Let j be y(x). List the prime factors of ((-302)/j - 1) + (-2)/6.
7
Suppose 61*u + 25*u - 579972 = 18*u. What are the prime factors of u?
3, 2843
Let n be (-19 - 1)*(-775)/10. Let b = n - 875. Suppose 5*r - 5*c - b = 0, 8*c = 3*c - 5. List the prime factors of r.
2, 67
Let x = 17 + -21. Let w be (0 - -4)*x/(16/(-27)). Let a = w - -57. What are the prime factors of a?
2, 3, 7
Let o = -25423 + 40921. List the prime factors of o.
2, 3, 7, 41
Let o be (68/(-6))/((50/(-15))/10). Suppose -2*q + 2 = u, 3*u - q - 2*q - 15 = 0. Suppose -5*r - 75 = -5*g, 7 = 3*g - u*r - o. List the prime factors of g.
19
Let v(r) = -165*r - 191. Let m(z) = 494*z + 573. Let u(w) = 